{"id":49,"date":"2022-04-19T10:34:23","date_gmt":"2022-04-19T08:34:23","guid":{"rendered":"http:\/\/optimumcompta.fr\/?page_id=49"},"modified":"2024-02-07T16:47:19","modified_gmt":"2024-02-07T15:47:19","slug":"accueil","status":"publish","type":"page","link":"https:\/\/optimumcompta.fr\/","title":{"rendered":"Accueil"},"content":{"rendered":"\n<p class=\"has-text-align-center has-black-color has-text-color\" style=\"font-size:30px\"><strong><mark style=\"background-color:rgba(0, 0, 0, 0)\" class=\"has-inline-color has-vivid-red-color\">CABINET MOSTEFA DAOUADJI<\/mark><\/strong><\/p>\n\n\n\n<p class=\"has-text-align-center\"><\/p>\n\n\n\n<p class=\"has-text-align-left has-black-color has-text-color has-medium-font-size\">Le cabinet est situ\u00e9 au 54 avenue des \u00c9tats-Unis \u00e0 Versailles, il re\u00e7oit et se d\u00e9place au sein de votre entreprise, offre des services adapt\u00e9 et sur mesure dans des domaines vari\u00e9s :<\/p>\n\n\n\n<ul class=\"has-medium-font-size wp-block-list\">\n<li>Expertise comptable<\/li>\n\n\n\n<li>Social<\/li>\n\n\n\n<li>Fiscalit\u00e9<\/li>\n\n\n\n<li>Juridique<\/li>\n<\/ul>\n\n\n\n<p class=\"has-medium-font-size\">L&rsquo;ensemble de ses prestations permettront de vous accompagner au mieux et de vous aider \u00e0 piloter votre activit\u00e9, \u00e0 am\u00e9liorer vos performances et \u00e0 r\u00e9duire vos risques.<\/p>\n\n\n\n<p class=\"has-medium-font-size\">Que vous soyez en phase de d\u00e9marrage, cr\u00e9ation, d\u00e9veloppement ou transmission, nos comp\u00e9tences en mati\u00e8re de conseil pourront vous apporter une forte valeur ajout\u00e9e.<\/p>\n","protected":false},"excerpt":{"rendered":"<p>CABINET MOSTEFA DAOUADJI Le cabinet est situ\u00e9 au 54 avenue des \u00c9tats-Unis \u00e0 Versailles, il re\u00e7oit et se d\u00e9place au sein de votre entreprise, offre des services adapt\u00e9 et sur mesure dans des domaines vari\u00e9s : L&rsquo;ensemble de ses prestations permettront de vous accompagner au mieux et de vous aider \u00e0 piloter votre activit\u00e9, \u00e0<\/p>\n","protected":false},"author":1,"featured_media":0,"parent":0,"menu_order":0,"comment_status":"closed","ping_status":"closed","template":"","meta":{"footnotes":""},"class_list":["post-49","page","type-page","status-publish","hentry"],"_links":{"self":[{"href":"https:\/\/optimumcompta.fr\/index.php\/wp-json\/wp\/v2\/pages\/49","targetHints":{"allow":["GET"]}}],"collection":[{"href":"https:\/\/optimumcompta.fr\/index.php\/wp-json\/wp\/v2\/pages"}],"about":[{"href":"https:\/\/optimumcompta.fr\/index.php\/wp-json\/wp\/v2\/types\/page"}],"author":[{"embeddable":true,"href":"https:\/\/optimumcompta.fr\/index.php\/wp-json\/wp\/v2\/users\/1"}],"replies":[{"embeddable":true,"href":"https:\/\/optimumcompta.fr\/index.php\/wp-json\/wp\/v2\/comments?post=49"}],"version-history":[{"count":17,"href":"https:\/\/optimumcompta.fr\/index.php\/wp-json\/wp\/v2\/pages\/49\/revisions"}],"predecessor-version":[{"id":130,"href":"https:\/\/optimumcompta.fr\/index.php\/wp-json\/wp\/v2\/pages\/49\/revisions\/130"}],"wp:attachment":[{"href":"https:\/\/optimumcompta.fr\/index.php\/wp-json\/wp\/v2\/media?parent=49"}],"curies":[{"name":"wp","href":"https:\/\/api.w.org\/{rel}","templated":true}]}}